. Suppose 3*f = 3*a + 36, -4*f - a = -21 - c. List the prime factors of f.
2
Let a(c) = 2*c - 4. What are the prime factors of a(3)?
2
Suppose -20 - 25 = -5*c. List the prime factors of c.
3
Suppose -157 + 27 = -2*w. List the prime factors of w.
5, 13
Let z = 673 - 368. What are the prime factors of z?
5, 61
Suppose -32 = 3*n - 5*n. Suppose 0 = 3*a + 4*l - 19, -3*l = l - n. Let s(v) = 11*v - 1. What are the prime factors of s(a)?
2, 5
Let x(f) = 4*f**2 + f + 3. List the prime factors of x(-4).
3, 7
Suppose 24 = 5*c - 26. Suppose 3*z = -3*g, -z + c = 2*g - 6*g. Suppose -10 = 2*i, -z*u + 0*u + 21 = -i. What are the prime factors of u?
2
Suppose -35 = -5*o - 0*o. What are the prime factors of o?
7
Let z be (-7)/(-2) + 1/(-2). Suppose 2*u - 3*m = m - 20, 3*u - 15 = -z*m. Suppose -2*b + 12 = h, u*h - 3*b = 2*h - 26. List the prime factors of h.
2
Let c(g) = g**2 - 5*g + 10. What are the prime factors of c(4)?
2, 3
Let p = 55 - 32. Let g = p + 10. What are the prime factors of g?
3, 11
Let h = 13 + -11. Suppose -h*x + 51 = 5*v, -x = 3*v - 4 - 27. What are the prime factors of v?
11
What are the prime factors of (-7)/21 + (-4865)/(-15)?
2, 3
Let f = -10 - -23. Suppose 2 = 5*i - f. Suppose -g - 3 = i*v, -g + 4*g = 5*v + 47. What are the prime factors of g?
3
Suppose -557 - 33 = -3*u - t, t + 4 = 0. What are the prime factors of u?
2, 3, 11
Suppose 0 = 5*t - 28 - 2. List the prime factors of 219/9 + (-2)/t.
2, 3
Let t = -13 - -24. Let w = 5 - t. List the prime factors of (-4)/w - (-34)/3.
2, 3
Let t(r) = 12*r**2 - 3*r - r**3 - 1 + 2*r**3 - 5*r - 5*r**2. Let d be t(-8). Let h(k) = -9*k**3 - 2*k**2 + 1. List the prime factors of h(d).
2
Suppose -3*p - 5*o = 21, 5 + 4 = -3*o. Let n = p + 4. What are the prime factors of n?
2
Let j(r) = -3 + 3 - 18*r**3. List the prime factors of j(-1).
2, 3
Let j = -5 + 6. Let r(l) = 0*l**2 - j + 4*l**2 + 0*l**2 - 2*l + 0*l**2. What are the prime factors of r(-1)?
5
Suppose 3*d = -2*x + 5, -4*d = -9*d - 3*x + 10. Suppose 4*k + d = 41. What are the prime factors of k?
3
Suppose -3*q - 14 = -6*q + 4*z, 3*q - 3*z = 9. Let d = 6 - q. What are the prime factors of d?
2
Suppose 78 = 4*s + 6. List the prime factors of s.
2, 3
Suppose -4*l = 2*w - 90, -3*w = 2*l + l - 120. What are the prime factors of w?
5, 7
Suppose -p = -63 + 2. List the prime factors of p.
61
Let s(k) = -6*k - 4. Let i be s(-7). Suppose 2 = 2*x - 4. Suppose x*v - v = i. List the prime factors of v.
19
Let i be 2/(-4) + (-35)/2. Let m be (0 - -1)/(2/(-52)). Let b = i - m. List the prime factors of b.
2
Suppose 7 = d + 5. Let l be 24/9*(-3)/(-2). Let g = d + l. List the prime factors of g.
2, 3
Suppose -5*u = -u + 12. Let r(v) = 7*v**2 - 8*v - 11. Let f(p) = -3*p**2 + 4*p + 5. Let c(q) = -9*f(q) - 4*r(q). List the prime factors of c(u).
2
What are the prime factors of (1 + 2 - -142) + 2?
3, 7
Suppose -u + 4*g = -5, -4*u + 3*u - 5*g = 4. Suppose -33 + u = -2*d. What are the prime factors of d?
2
Suppose 8 = 4*l - 0. Suppose -4*f - 5*p + 37 = -l*p, -3*f + 2*p + 32 = 0. Suppose 0 = -5*u - g - 0*g + 24, -5*g = -u + f. What are the prime factors of u?
5
Let u(w) = -w**2 + 6*w + 5. Let o be u(6). Suppose -10 = o*d, -4*h - 2*d + d = -46. What are the prime factors of h?
2, 3
Let x be 55/35 - 6/(-14). Let a(k) = 8*k - 3. List the prime factors of a(x).
13
Let b(t) = t**2 - 6*t - 9. Let v be b(9). Let d(p) = -2*p - 4. Let s be d(-5). Suppose -x - 5*i = -22, 3*x + s*i - v = 3*i. List the prime factors of x.
2
Suppose 0*i = -4*i + 156. Let f = i - 27. List the prime factors of f.
2, 3
Suppose 3*v + 0*p - 4*p = 20, 0 = 4*v + 3*p - 10. Let k = v + 0. Suppose -k*y + 52 = -0*y. List the prime factors of y.
13
Suppose 6*i - 4*i + 10 = 0. Let h(q) = -2*q + 3. List the prime factors of h(i).
13
Let r(y) = -9*y - 1. Let i be r(-1). Suppose -i*q + 5*q = -21. List the prime factors of q.
7
Suppose 3*a - 4*x = -11, 0 = -0*a + 4*a - 5*x + 15. Let n(q) = q**3 + 6*q**2 + 3*q + 6. What are the prime factors of n(a)?
2
Suppose -9 = 5*d - 3*t, d + 18 = -4*t + 7. Suppose -5*s + 4 = 9. What are the prime factors of (s - d) + 20/2?
2, 3
Suppose -2*n - 3 = -3*n. Let k = -13 - -15. Suppose -c + 10 = 2*j - n*c, 5*j - k*c = 28. What are the prime factors of j?
2, 3
Let l(y) = 9 + 0*y + 3*y + 3*y - y. What are the prime factors of l(8)?
7
Let a be 2/(-8) + 13/4. Suppose -k + 2*v + 13 = -v, -10 = 2*k + a*v. Suppose -k = 2*q - 5. List the prime factors of q.
2
Suppose 8*v = 5*v. Suppose -3*f - 25 = -x, -2*x = -v*f - 2*f - 70. Suppose x + 12 = 4*p. List the prime factors of p.
13
Suppose u + 2 = 4. Suppose 3*s = u*s + 3. What are the prime factors of s?
3
Let i = -14 - -56. List the prime factors of i.
2, 3, 7
Suppose 0 = 2*h - 5*g + 7 + 39, 5*h + 5*g = -150. Let t be (-792)/h + 6/(-21). List the prime factors of (t/(-6))/(7/(-21)).
2, 7
Suppose 0 = 4*v - 10 - 2. Suppose 0 = i + v, -28 = 5*u - 2*i - 104. What are the prime factors of u?
2, 7
Suppose 1554 = m + 5*m. List the prime factors of m.
7, 37
Let f = 0 - 0. Suppose f = 4*j - 2*j - 62. What are the prime factors of j?
31
Suppose 0 = -l + 2*l - 26. List the prime factors of l.
2, 13
Let o(q) = -q + 12. Let n = -15 - -21. What are the prime factors of o(n)?
2, 3
Let z(i) be the third derivative of -i**5/60 + 5*i**4/24 + i**3/2 + i**2. What are the prime factors of z(4)?
7
Let l be 1/4*4 + 1. Suppose 0 = 3*z + 6, l*i + 3*z - 22 = 8*z. List the prime factors of i.
2, 3
List the prime factors of (-410)/(-40) + (-3)/(-4).
11
Let r(t) = -t**3 + 10*t**2 - 4*t - 3. Let d be r(9). Suppose 2*c - 4*n - d = 0, c - 17 = -0*c + n. What are the prime factors of c?
13
Let d(t) = -t**3 - 10*t**2 - 7*t - 9. List the prime factors of d(-10).
61
Let b(t) = -t**2 + 11*t. List the prime factors of b(10).
2, 5
Let c = -3 + 8. Let b = -1 + c. Suppose 2*v + 14 = 4*t, -v = -b*v + 3. List the prime factors of t.
2
Suppose 5*h - 5*k = 10, 0*h + h = 3*k + 2. Suppose h = -f + 5. What are the prime factors of f?
3
What are the prime factors of (0 - (-1 - -1))/2 - -386?
2, 193
Let u = -320 + 470. List the prime factors of u.
2, 3, 5
Let g(i) = -6*i - 11. Let o(z) = 3*z + 5. Let x(v) = -4*g(v) - 9*o(v). What are the prime factors of x(-4)?
11
Let o(d) = 8*d - 2*d + 6*d. What are the prime factors of o(3)?
2, 3
Let w(h) = -h**2 - 7*h - 5. Let f be w(-4). Let n(c) = -f + 0*c + 3 - c**2 + 8*c. List the prime factors of n(3).
11
Let k(w) = 3*w - 1. Let n(y) = -y**2 - 7*y - 7. Let a be n(-5). List the prime factors of k(a).
2
Suppose -4*k + 3*o + 86 = -394, k + o = 120. List the prime factors of (k/(-18))/((-2)/3).
2, 5
Let y be (-471)/(-15) - 4/10. Suppose -8 = -2*a, -2*z = -3*z - 4*a + y. What are the prime factors of z?
3, 5
Let q(r) = 1 - r + 4*r - 2*r. Suppose -2*f - p = -5*p, -f + 21 = 5*p. What are the prime factors of q(f)?
7
Let x(q) be the third derivative of q**4/4 + 3*q**2. What are the prime factors of x(4)?
2, 3
Suppose -3*w - 10 = 2*w. What are the prime factors of (w/3)/(4/(-84))?
2, 7
Let y = -6 - -2. List the prime factors of (42 - 8/y)/2.
2, 11
Let v(r) = r - 5. Let o be v(6). Suppose 0 = z + o - 4. Suppose 7 + 20 = z*p. What are the prime factors of p?
3
Let j(l) = -2*l - 7. Let u be j(-5). Suppose g + 2*t + 2 = 0, -t - u - 8 = -2*g. List the prime factors of g.
2
List the prime factors of (48 - 8)*(-2)/(-2).
2, 5
Suppose n = -21 + 157. What are the prime factors of n?
2, 17
Let b(h) = -2*h**3 + 2*h**2 + 2*h + 1. Let n be b(-1). Suppose -68 = -3*j - 5*d + 103, 171 = n*j - 5*d. Suppose -g + j = 2*g. What are the prime factors of g?
19
Let y be (-1)/(3/12*-1). Suppose -2*z = -y*z + 10. What are the prime factors of z?
5
Suppose -17 = -4*d + 3*d. Suppose 2*h + 12 + 4 = 0. Let z = d + h. List the prime factors of z.
3
Suppose 591 - 151 = 5*k. What are the prime factors of k/14 - (-2)/(-7)?
2, 3
Suppose 0 = -4*x + x + 75. Suppose -2*h = 3*h - x. Suppose h*p + 3 - 14 = 2*k, -8 = -4*k. What are the prime factors of p?
3
List the prime factors of ((-137)/4)/(5/(-20)).
137
Suppose -3*q + 4*m - 17 = 0, -10 = 2*q - 3*m - m. Let p = 19 + q. What are the prime factors of p?
2, 3
Let a be -18 - (-1*2 + 2). Let r = -25 - a. Let c(n) = -n**2 - 8*n - 1. List the prime factors of c(r).
2, 3
Suppose -2*i + 387 = -w, 0 = 3*w + 1 + 2. List the prime factors of i.
193
Let k be (